 by q(11)?
4
Let p be -1*-6*(-2 + 1). Calculate the remainder when 34 is divided by (2 - (-9)/p)*36.
16
Let y(z) = 4*z + 5. What is the remainder when 113 is divided by y(6)?
26
What is the remainder when 83 is divided by (-6)/4*(-4)/(-6) + 22?
20
Suppose -4*c = -5 - 23. What is the remainder when 18 is divided by c?
4
Let v = -1 + 4. Suppose g + v*i - 38 = 0, -4*g + 3*i = -52 - 25. What is the remainder when g is divided by 8?
7
Let z = -8 - -20. Calculate the remainder when z is divided by 8.
4
Suppose -2*w = -30 - 50. Suppose 0 = 4*y - 20 - w. What is the remainder when 28 is divided by y?
13
Suppose n - 4*w = 23, 3*n - w = 2 + 34. What is the remainder when 163 is divided by n?
9
Let z(y) = -y**2 + 6*y + 5. Calculate the remainder when 2*(3 - 21/(-6)) is divided by z(6).
3
Suppose 4*c + 93 - 13 = 0. Let x = c - -47. What is the remainder when x is divided by (-11)/((-66)/(-120))*(-3)/6?
7
Suppose -x - 3*q = -2 - 19, -3*x - 2*q = -28. Let d(t) = -t**3 + 7*t**2 + 9*t + 7. What is the remainder when d(8) is divided by x?
3
What is the remainder when 8/6*(-2 - 290/(-4)) is divided by 12?
10
Let s(c) = 2*c - 7. Let j be s(5). Let w(n) = n**2 + 4. Calculate the remainder when w(j) is divided by 7.
6
Let t = -19 - -23. What is the remainder when 53 - (t - (1 - -3)) is divided by 19?
15
Suppose 0*d - 4*d = 0. Let b be 5*(d + (-12)/(-2)). Suppose -2*m = -4*f + b, 3*f + 30 = 6*f - 3*m. Calculate the remainder when 14 is divided by f.
4
Let t = 11 + -3. What is the remainder when 23 is divided by t?
7
Calculate the remainder when 83 is divided by (11/(66/(-28)))/(2/(-12)).
27
Suppose -2*c + 14 + 0 = 0. Suppose 2*y - 17 = 21. What is the remainder when y is divided by c?
5
Suppose 0 = -b - 3*b + 376. What is the remainder when b is divided by 19?
18
Let j(w) = w**2 - 18*w + 23. Let n be j(18). Suppose 82 = 3*t - n. Calculate the remainder when t is divided by 12.
11
Suppose -5*u + 195 = -5*n, -u + 19 = -0*u + 4*n. Suppose -3*x - 4*w - 24 = -76, -x = 3*w - 24. Calculate the remainder when u is divided by x.
11
Let t(k) = 1 - 5 + 2 + k**2 + 3*k. Let j be t(-4). Suppose -j*y - 2*y + 24 = 0. Calculate the remainder when 11 is divided by y.
5
Suppose -l = d - 22, 0 = 5*d + 3*l - 116 - 0. Let k(x) = x**3 + 4*x**2 - x + 5. What is the remainder when d is divided by k(-4)?
7
Let d(u) = -4*u + 20. What is the remainder when d(-3) is divided by 5?
2
Let g = 2 - -14. Suppose 14 = 2*r + 3*l - 4, -4*r - l = -g. Suppose -6*i + 24 = -r*i. Calculate the remainder when 23 is divided by i.
7
Calculate the remainder when (-147)/(-4) - 2/(-8) is divided by 3*((-7)/(-3) + 2).
11
Let r(q) = q - 2 + 2*q - 2*q. Let k be r(5). Suppose 8 = 5*a - k*a. Calculate the remainder when a is divided by 2.
0
Suppose 5*s - 4 - 6 = o, o = 0. Let k be -1 + 3/(6/(-4)). What is the remainder when 32/6 - k/(-9) is divided by s?
1
Suppose 4*q + 5*f + 31 = 115, 4*f = 5*q - 105. What is the remainder when q is divided by 6?
3
Let n = -126 - -138. Calculate the remainder when 46 is divided by n.
10
Let z = 43 - 34. Suppose -5*m + 2 = -18. What is the remainder when z is divided by m?
1
Let p = -27 + 34. Calculate the remainder when 10 is divided by p.
3
Let b(i) = 2*i**2 + 6*i + 1. Let o(r) = r. Let d(s) = b(s) - 4*o(s). What is the remainder when d(2) is divided by 8?
5
Let b(x) = 2*x**2 + 7*x - 20. What is the remainder when 86 is divided by b(-7)?
28
Let x = 59 + -35. Suppose 0 = -4*g - 0 - 4. What is the remainder when x is divided by 3 - (3 - -7)/g?
11
Let l(i) = -i**3 + 4*i**2 - 2*i - 2. Let d be l(2). Suppose -3*u + 2*j + 2*j + 15 = 0, 0 = -4*u - d*j + 20. What is the remainder when 17 is divided by u?
2
Let d = 7 + -3. Let y = d + -4. Suppose y*w - 42 = -3*w. Calculate the remainder when 40 is divided by w.
12
What is the remainder when 91 is divided by 1*(-46)/(2/(-1))?
22
Let a be 368/(-36) - 4/(-18). Let h = -6 - a. Suppose o - 220 = -h*o. What is the remainder when o is divided by 15?
14
Let b(m) = 81*m - 2. Calculate the remainder when b(1) is divided by 16.
15
Let x be (-36 + 6)*(-4)/(-5). Let u = 22 - x. What is the remainder when u is divided by 16?
14
Let t(y) = y**2 - 8*y - 4. Let g(a) = a**3 + 6*a**2 + 6*a. Let q be g(-4). Let l be t(q). What is the remainder when (3 + l)*0 - -17 is divided by 6?
5
Suppose 0 = 4*c - 36. Let s be (-390)/(-14) - (-5)/35. Suppose 47 = 3*i - s. What is the remainder when i is divided by c?
7
Suppose 3*r - 1 = -10. Let l = r + 5. Suppose 11 = l*p - 19. Calculate the remainder when 44 is divided by p.
14
Suppose 0 = 14*p - 7*p - 154. Calculate the remainder when 83 is divided by p.
17
Let c = 9 - 3. Suppose -p = -c*p + 215. What is the remainder when p is divided by 22?
21
Calculate the remainder when (-28)/7 - (-146)/2 is divided by 12.
9
Let m(y) = -3*y + 2. What is the remainder when 3/(-1 + (-8)/(-7)) is divided by m(-3)?
10
Let t(y) = -y**3 - 4*y**2 + 2*y + 6. Let j be t(-4). Let h = j + 9. What is the remainder when 19 is divided by h?
5
Suppose 0 = -4*c - 3*b + 6, 2*c - 10 = -3*b - 4. Suppose c = -2*t - 49 + 153. Let p = -27 + 45. What is the remainder when t is divided by p?
16
Suppose r = -4*p + 4*r + 137, -4 = -4*r. Calculate the remainder when p is divided by 9.
8
Let n(g) = -2*g**2 + 33*g + 7. Calculate the remainder when n(14) is divided by 20.
17
Let n be (-3 + 1)/((-1)/2). Let q be (-2)/n + (-35)/(-14). What is the remainder when 9 is divided by q/(-10) - 31/(-5)?
3
Let j be (2 - -2) + (-1)/(-1). Calculate the remainder when 19 is divided by (j/2)/(2/4).
4
Let f(u) = u**3 + 8*u**2 + u - 33. Calculate the remainder when 65 is divided by f(-6).
32
Suppose 2*u - 5*f + 5 = u, -f = -u + 3. Calculate the remainder when u is divided by 2.
1
Let t(s) = -s**3 - 4*s**2 - 4. Suppose -2*o + 4*l = -32, o + 1 = -3*o - 5*l. What is the remainder when t(-5) is divided by o?
3
Suppose h - 5*x + 2 - 7 = 0, -h = 3*x - 29. What is the remainder when 137 is divided by h?
17
Let z = -6 + 9. Calculate the remainder when ((-11)/2*-2)/1 is divided by z.
2
Suppose 2*w + 4 = 4*w. Suppose 3*c - 25 - 47 = 4*a, 48 = w*c + 5*a. Calculate the remainder when c is divided by 9.
6
Suppose -3*v + 91 = -4*u + 2*u, 3*v - 4*u = 89. Calculate the remainder when v is divided by 17.
14
Let a = 38 - 17. Suppose 5*t = 121 - a. Calculate the remainder when 38 is divided by t.
18
Let g = -10 + 15. Suppose -2*b + 2*s + 112 = 8, g*s - 111 = -2*b. What is the remainder when b is divided by 14?
11
Let a(k) = 25*k**3 - k + 1. Let y = 4 - 2. Suppose -2*c + y = -0. Calculate the remainder when a(c) is divided by 9.
7
Let n(l) = 12*l**2 - 3*l + 2. What is the remainder when n(3) is divided by 34?
33
Suppose 7 + 27 = r + 5*j, -5*r + 124 = 2*j. What is the remainder when 95 is divided by r?
23
Let p(t) = 2*t**2 + t + 8. Let d be p(-8). Let s = d + -76. Calculate the remainder when s is divided by 27.
25
Suppose -10 = -2*s - 2. Suppose -8*a = -u - 3*a + 8, 16 = -5*u - 3*a. What is the remainder when 35 - (2 - (s + u)) is divided by 9?
8
Let v(i) = -2*i - 9. Let s(z) = -z**2 + 12*z - 20. What is the remainder when s(8) is divided by v(-7)?
2
Let x(i) = 3*i + 8. Let b(j) = 4*j + 8. Let l(f) = 2*b(f) - 3*x(f). Let v be l(0). Calculate the remainder when (1 - -19)*(-6)/v is divided by 8.
7
Suppose i + 0 = -1, -t + 14 = -3*i. Calculate the remainder when 185 is divided by t.
9
Suppose -68 = -4*k - 3*w, 0 = -3*k + 4*w - 7 + 58. Suppose -3*v + 5*y = -86, 0 = 2*v + y - 5 - 61. Calculate the remainder when v is divided by k.
15
Let b = 132 - 48. Suppose -2*d + 5*d - b = 0. Suppose d = 3*x - x. Calculate the remainder when 40 is divided by x.
12
Let i(h) = -h**2 - 7*h + 2. Suppose 0*b + 2*b = -450. Calculate the remainder when 1/(-2) - b/10 is divided by i(-6).
6
Let x(d) = 9 - 9 + 4 + 8 - d**2. Calculate the remainder when x(0) is divided by 7.
5
Suppose -3*d + 3*a + 10 + 26 = 0, 2*d - 25 = 3*a. What is the remainder when 53 is divided by d?
9
Let q(f) = -f**2 - 7*f - 1. Let d be q(-6). Suppose d = k + 2*b, -4*b + b - 10 = -k. Let s(m) = 4*m - 5. What is the remainder when s(6) is divided by k?
5
Let u(w) = -w**2. Let s be u(-1). Let d = 4 + -10. What is the remainder when 3 is divided by (1/s)/(2/d)?
0
Let q = -4 - -4. Suppose -18 = -n - q*n. Suppose -5*h + 30 + 135 = -2*j, 5*h + 3*j - 165 = 0